 prime factors of d.
17
Let v(d) = d**3 - 6*d**2 + 6*d + 5. Let n(k) = -2*k - 18. Let s be n(-12). What are the prime factors of v(s)?
41
Let z(s) be the first derivative of s**4/2 + 2*s**3/3 - 2*s**2 + 3*s + 15. List the prime factors of z(3).
3, 7
Let z = -20 - -19. Let k be z + -1 + 0 + -1. List the prime factors of (k/(-3))/1 - -1.
2
Suppose 2*l - 6 - 24 = 0. Let g = l - 15. List the prime factors of 2*(g + 2) + 1.
5
What are the prime factors of (-1)/((-6)/(-24)) - -284?
2, 5, 7
Let m(f) = 2*f**2 + 5*f + 3. Let z(c) = c**2 + 2*c + 1. Let w(g) = -6*m(g) + 11*z(g). What are the prime factors of w(-6)?
5
Let q be (-4)/((-209)/(-69) + -3). Let l = -41 - q. Let h = -35 + l. What are the prime factors of h?
2, 31
Suppose 3*u = 2*u. Suppose 0*o = 3*o + 4*a - 138, u = -o - 3*a + 41. Suppose -m + 7 = -o. List the prime factors of m.
3, 19
Let o(p) = 51*p**3 - 4*p**2 + 8*p - 4. What are the prime factors of o(3)?
1361
Let a be ((-116)/5)/(21/(-105)). Let w = a + 72. What are the prime factors of w?
2, 47
Suppose 2*y - 4*g - 4952 = 0, -465 - 1986 = -y - 3*g. What are the prime factors of y?
2, 3, 137
Let f(u) = u**3 + 11*u**2 - u - 9. Let q be f(-11). Let l(x) = -x**3 + 2*x**2 + 4*x + 1. Let k be l(q). What are the prime factors of (k/6)/((-2)/(-4))?
3
What are the prime factors of (-1672)/(-5) + -4 + (-18)/(-5)?
2, 167
List the prime factors of (66948/76 - 3) + (-16)/(-152).
2, 439
Let x = -1407 + 2101. What are the prime factors of x?
2, 347
Let p = -3 + 7. Suppose -118 = -p*z + 3*f - f, -3*z = f - 86. List the prime factors of z.
29
Let l = 3791 + -1157. List the prime factors of l.
2, 3, 439
What are the prime factors of 7 + 1421 + 4 - -5?
3, 479
Suppose -4*m - 4*n = -36, -3 + 40 = 3*m + n. Let z = m + 20. List the prime factors of z.
2, 17
Let h = 47 + 985. List the prime factors of h.
2, 3, 43
Suppose 2*z - 2*f - 2320 = -z, -4 = 2*f. List the prime factors of z.
2, 193
Let j = 631 - 370. Let k = j - 82. List the prime factors of k.
179
Let o(h) be the first derivative of -h**4/4 + h**2/2 + 3*h - 2. Let f be o(0). Suppose 60 = 2*s + 2*p, -f*s - s - p = -132. What are the prime factors of s?
2, 17
Let y(v) = v**2 + 2*v - 2. Let x be y(4). Suppose -x*z = -19*z - 165. What are the prime factors of z?
5, 11
What are the prime factors of 1274/6 + 56/(-42)?
211
Suppose 0 = -5*j + 2*j + 153. Let o = j + -44. What are the prime factors of o?
7
Suppose -6*l = 3*l - 81. Suppose 0*p - 12 = -3*p. Suppose p*n + 29 - l = 0, 5*n - 29 = -3*o. What are the prime factors of o?
2, 3
Let y be (0 - -1)/(8/176). Suppose y*q - 27*q + 835 = 0. List the prime factors of q.
167
Suppose 4*m = 5*z + 5, 2*m + 0*m - 19 = -3*z. Let j(c) = c - 5*c**2 - m + c + c**3 + 0*c. What are the prime factors of j(5)?
5
Let c(i) = 10*i + 4 + 3*i**3 - 10*i**2 - 6 - 2*i**3 - 5. What are the prime factors of c(10)?
3, 31
Let f = -898 + 2756. List the prime factors of f.
2, 929
Suppose 0 = 23*s - 2600 - 3702. List the prime factors of s.
2, 137
Suppose -107781 = -34*d + 26383. What are the prime factors of d?
2, 1973
Let x = 144 - 64. List the prime factors of x.
2, 5
What are the prime factors of (-73296)/(-54) - (0 - (-6)/(-9))?
2, 7, 97
Suppose -25*s = -15*s - 14750. List the prime factors of s.
5, 59
Suppose 2*q = 5*v - 5074, -5*q + 4079 = -56*v + 60*v. List the prime factors of v.
2, 127
Suppose -15 = -8*n + 3*n. Let b be 26/8 + 1/(-4). Suppose 0 = -5*g - v + 87, -50 = -n*g - b*v - 5. List the prime factors of g.
2, 3
Let p(v) = v**2 + 11*v + 16. Let a be p(-10). Let h be 8/3 - a/9. Suppose 0 = o - h*o + 13. What are the prime factors of o?
13
Suppose 419 = v - 3*b, 3*b - b - 1718 = -4*v. Let r = -161 + v. List the prime factors of r.
3, 89
Let n be -1*(16/12)/(2/(-6)). What are the prime factors of n/(-18) - (24864/27)/(-4)?
2, 5, 23
Let q(s) be the third derivative of s**5/60 - s**4/24 - 7*s**3/6 + s**2. Suppose -3*i + 2*m + 8 = 0, 3*i + 10 = -2*m + 38. What are the prime factors of q(i)?
23
Let z(s) = 8*s**3 - 8*s**2 + 9*s - 32. Let m(j) = 3*j**3 - 3*j**2 + 3*j - 11. Let i(n) = -11*m(n) + 4*z(n). List the prime factors of i(-4).
61
Let u(c) = 348*c - c**2 + 2*c**2 - 334*c + 18. What are the prime factors of u(7)?
3, 5, 11
Let s(n) = n**3 + 20*n**2 + 14*n + 55. Let a be s(-19). Let p = a + -96. What are the prime factors of p?
2, 3
Let w = -11 - -15. Suppose l = -0 + w. List the prime factors of (-2)/(-2)*(l + 27).
31
Let q be 8 - 5/((-5)/(-2)). Suppose -2*t + 136 = -q*y + y, 0 = -4*y + 3*t - 106. Let i = y - -40. What are the prime factors of i?
2, 3
Suppose -212 = -2*j + 196. Suppose -6*c + 3*c = -j. List the prime factors of c.
2, 17
Let k = 342 + -340. Let b = -34 - -51. Suppose k*f + u - 75 = -b, f - 36 = 3*u. What are the prime factors of f?
2, 3, 5
Let q = 15 - 15. Suppose q*m - 279 = -m. List the prime factors of m/6*(-4)/(-6).
31
Let a(i) = 204*i - i**2 + 0*i**2 - 172*i - 1. What are the prime factors of a(31)?
2, 3, 5
Suppose -24 = -4*k - 0*b - 3*b, -2*k + b + 12 = 0. Suppose -4*a - 4*u + 12 = 0, -3*a + u - 11 = -k*a. Suppose -3*n + a*n = 70. What are the prime factors of n?
2, 5, 7
Let d(j) = -j**3 - 11*j**2 - 5*j - 11. Suppose b - 9 = 2*t - t, 8 = -4*b. What are the prime factors of d(t)?
2, 11
Let l(u) = 10*u**2 - u - 1. Let a = -17 + 27. Let r be 5/a*-1*2. List the prime factors of l(r).
2, 5
What are the prime factors of -4 + 967 + -4 + 4 + -2?
31
Let y be 4 - (-3 + (7 - 2)). Suppose -5*c + 44 + 165 = y*w, 3*c = 15. List the prime factors of w.
2, 23
Let g(t) = t**3 - 5*t**2 + 5*t + 4. Let p be g(4). Suppose 3*f = w + 34, 0 = -2*f - 3*w + p - 0. What are the prime factors of (16/(-5))/((-2)/f)?
2
Let o = -45 + 48. Suppose -o*c + 175 = 5*h, 6*h - h = 10. List the prime factors of c.
5, 11
Suppose 0 = 179*t - 169*t - 18760. List the prime factors of t.
2, 7, 67
Let b(t) = t. Let a be b(0). Suppose a = -4*h - 5*g + 7, g = h - 0*h + 5. What are the prime factors of 3 + -4 + (-22)/h?
2, 5
List the prime factors of (-3 - 3096)*(-2 + 1).
3, 1033
Let n = 85 - -126. What are the prime factors of n?
211
Let q be ((-3)/2)/((-42)/2716). Let t = q + -73. What are the prime factors of t?
2, 3
Let l(a) = -4*a + 9. Let p be l(7). Let k = 82 + p. What are the prime factors of k?
3, 7
Let k = 12 - 7. Suppose -k*d + 12*d = 2149. List the prime factors of d.
307
Let h = 6650 - 2807. List the prime factors of h.
3, 7, 61
Let w(r) = -r**3 + 24*r**2 + 60*r - 10. What are the prime factors of w(20)?
2, 3, 5, 31
Let u(w) = -w**3 + 5*w**2 + 7*w - 4. Let m be u(6). Let l(f) be the first derivative of 5*f**4/4 - f**3 + 3*f**2/2 - f - 20. What are the prime factors of l(m)?
3, 11
Let c be 5*(1 - (-78)/15). Let h = 43 + c. List the prime factors of h.
2, 37
Let o = 34 + -32. Suppose o*l = -4*l + 954. Suppose -5*f = i - 27, 3*i = f + l - 46. What are the prime factors of i?
37
Suppose 3*k + 5*u - 7 = 0, -5*u + 8 = 13. List the prime factors of (1 + 6/k)/((-30)/(-780)).
5, 13
Suppose -9*f + 13*f - 84 = 0. Suppose -3*q - f = -10*q. List the prime factors of q.
3
Let p(b) = -174*b - 32. What are the prime factors of p(-3)?
2, 5, 7
Suppose -3 = v, -5*a + 2*v = -0*a + 59. Let k = 15 + a. Suppose -2*p + 4*j + 134 = 0, 4*p - 126 = 2*p + k*j. What are the prime factors of p?
59
Let o = 1994 + -1133. What are the prime factors of o?
3, 7, 41
Let z = 1177 + 141. What are the prime factors of z?
2, 659
Suppose -2850 = -2*g + 3*d + 2858, 0 = -4*g - 2*d + 11432. What are the prime factors of g?
2857
Let p be (-22)/6*-15*88/(-10). What are the prime factors of p/(-3) - 40/(-60)?
2, 3
Suppose 18*o = 25*o - 5236. What are the prime factors of o?
2, 11, 17
Suppose p + 4*p = -5*c + 870, -c + 4*p = -169. Suppose -2*g + 185 = 4*b - c, -g - 3*b + 179 = 0. What are the prime factors of g?
179
Suppose -3*q - q + 8 = 0. Suppose 0*r + 155 = 3*r + 5*z, -q*r + 99 = -z. List the prime factors of r.
2, 5
Suppose -431 = -4*m - 3*c, 2*c + 212 = 2*m - 0*c. Let w = 177 - m. What are the prime factors of w?
2, 5, 7
Let w be (112/40)/((-2)/(-40)). Suppose 485 = 61*g - w*g. List the prime factors of g.
97
Let q = 163 + 34. List the prime factors of q.
197
Suppose 44*t - 39*t + 240 = 0. Suppose 0 = 5*w + 3*v + 134, -2*v = 4*w - 0*v + 106. Let y = w - t. What are the prime factors of y?
23
Suppose -5*b - 240 = -n, -5*b - 4*n = -n +